{"id":25,"date":"2022-07-22T09:40:28","date_gmt":"2022-07-22T07:40:28","guid":{"rendered":"https:\/\/www.footclubs.be\/rsrs\/?page_id=25"},"modified":"2022-07-22T14:53:50","modified_gmt":"2022-07-22T12:53:50","slug":"sport-centers","status":"publish","type":"page","link":"https:\/\/www.footclubs.be\/rsrs\/sport-centers\/","title":{"rendered":"Terrain(s)"},"content":{"rendered":"<p>Le Royal Sougn\u00e9-Remouchamps Sports est dot\u00e9 d&rsquo;infrastructures de qualit\u00e9s g\u00e9r\u00e9e par l&rsquo;AGISCA (Association de Gestion des Infrastructures Sportives et Culturelles de la Commune d&rsquo;Aywaille).<\/p>\n<p>Le club a \u00e0 sa disposition\u00a04 Terrains de qualit\u00e9s :<\/p>\n<ol>\n<li>Le <strong>terrain A<\/strong> (Herbe) pour les matchs officiels (coupe et championnat)\u00a0de son \u00e9quipe premi\u00e8re.<\/li>\n<li>Le <strong>terrain B<\/strong> (synth\u00e9tique 2017) pour les entrainements et matchs de ses \u00e9quipes de jeunes, r\u00e9serve et v\u00e9t\u00e9ran ainsi que les entrainements du jeudi de\u00a0son\u00a0 \u00e9quipe premi\u00e8re.<\/li>\n<li>Le <strong>terrain C<\/strong> (Herbe) terrain d&rsquo;entrainement disponible \u00e9galement en cas d&rsquo;indisponibilit\u00e9 des autres terrains pour les matchs.<\/li>\n<li>Le <strong>terrain D<\/strong> (herbe) pour les entrainements du mardi de son \u00e9quipe premi\u00e8re.<\/li>\n<\/ol>\n","protected":false},"excerpt":{"rendered":"<p>Le Royal Sougn\u00e9-Remouchamps Sports est dot\u00e9 d&rsquo;infrastructures de qualit\u00e9s g\u00e9r\u00e9e par l&rsquo;AGISCA (Association de Gestion des Infrastructures Sportives et Culturelles de la Commune d&rsquo;Aywaille). Le club a \u00e0 sa disposition\u00a04 Terrains de qualit\u00e9s : Le terrain A (Herbe) pour les matchs officiels (coupe et championnat)\u00a0de son \u00e9quipe premi\u00e8re. Le terrain B (synth\u00e9tique 2017) pour les [&hellip;]<\/p>\n","protected":false},"author":93,"featured_media":0,"parent":0,"menu_order":0,"comment_status":"closed","ping_status":"closed","template":"page-templates\/page-sport-centers.php","meta":{"footnotes":""},"class_list":["post-25","page","type-page","status-publish","hentry"],"_links":{"self":[{"href":"https:\/\/www.footclubs.be\/rsrs\/wp-json\/wp\/v2\/pages\/25","targetHints":{"allow":["GET"]}}],"collection":[{"href":"https:\/\/www.footclubs.be\/rsrs\/wp-json\/wp\/v2\/pages"}],"about":[{"href":"https:\/\/www.footclubs.be\/rsrs\/wp-json\/wp\/v2\/types\/page"}],"author":[{"embeddable":true,"href":"https:\/\/www.footclubs.be\/rsrs\/wp-json\/wp\/v2\/users\/93"}],"replies":[{"embeddable":true,"href":"https:\/\/www.footclubs.be\/rsrs\/wp-json\/wp\/v2\/comments?post=25"}],"version-history":[{"count":10,"href":"https:\/\/www.footclubs.be\/rsrs\/wp-json\/wp\/v2\/pages\/25\/revisions"}],"predecessor-version":[{"id":647,"href":"https:\/\/www.footclubs.be\/rsrs\/wp-json\/wp\/v2\/pages\/25\/revisions\/647"}],"wp:attachment":[{"href":"https:\/\/www.footclubs.be\/rsrs\/wp-json\/wp\/v2\/media?parent=25"}],"curies":[{"name":"wp","href":"https:\/\/api.w.org\/{rel}","templated":true}]}}