{"id":36,"date":"2019-07-24T17:55:14","date_gmt":"2019-07-24T15:55:14","guid":{"rendered":"https:\/\/www.footclubs.be\/kosova\/?page_id=36"},"modified":"2024-08-05T15:21:59","modified_gmt":"2024-08-05T13:21:59","slug":"infos-1","status":"publish","type":"page","link":"https:\/\/www.footclubs.be\/kosova\/infos-1\/","title":{"rendered":"Accident Sportif"},"content":{"rendered":"<h2>Comment faire lors d&rsquo;un accident sportif<\/h2>\n<div id=\"comp-klmc2jzs\" class=\"HcOXKn c9GqVL QxJLC3 comp-klmc2jzs wixui-rich-text\"><\/div>\n<p><strong>Demander une \u00a0\u00bb D\u00e9claration d\u2019accident \u00ab\u00a0<\/strong>\u00a0au d\u00e9l\u00e9gu\u00e9 ou au secr\u00e9tariat ou la t\u00e9l\u00e9charger ici en cliquant sur \u00ab\u00a0DECLARATION ACCIDENT\u00a0\u00bb<\/p>\n<h2><a href=\"https:\/\/www.footclubs.be\/kosova\/wp-content\/uploads\/sites\/254\/2022\/01\/DECLARATION-ACCIDENT.pdf\" target=\"\">DECLARATION ACCIDENT<\/a><\/h2>\n<div id=\"comp-klmc2jzr2\" class=\"HcOXKn SxM0TO QxJLC3 comp-klmc2jzr2 wixui-rich-text\">\n<h1 class=\"font_4 wixui-rich-text__text\"><span class=\"color_41 wixui-rich-text__text\"><span class=\"wixui-rich-text__text\">RAPPORT D\u2019ACCIDENT<\/span><\/span><\/h1>\n<\/div>\n","protected":false},"excerpt":{"rendered":"<p>Comment faire lors d&rsquo;un accident sportif Demander une \u00a0\u00bb D\u00e9claration d\u2019accident \u00ab\u00a0\u00a0au d\u00e9l\u00e9gu\u00e9 ou au secr\u00e9tariat ou la t\u00e9l\u00e9charger ici en cliquant sur \u00ab\u00a0DECLARATION ACCIDENT\u00a0\u00bb DECLARATION ACCIDENT RAPPORT D\u2019ACCIDENT<\/p>\n","protected":false},"author":318,"featured_media":0,"parent":0,"menu_order":0,"comment_status":"closed","ping_status":"closed","template":"page-templates\/page-free.php","meta":{"footnotes":""},"class_list":["post-36","page","type-page","status-publish","hentry"],"_links":{"self":[{"href":"https:\/\/www.footclubs.be\/kosova\/wp-json\/wp\/v2\/pages\/36","targetHints":{"allow":["GET"]}}],"collection":[{"href":"https:\/\/www.footclubs.be\/kosova\/wp-json\/wp\/v2\/pages"}],"about":[{"href":"https:\/\/www.footclubs.be\/kosova\/wp-json\/wp\/v2\/types\/page"}],"author":[{"embeddable":true,"href":"https:\/\/www.footclubs.be\/kosova\/wp-json\/wp\/v2\/users\/318"}],"replies":[{"embeddable":true,"href":"https:\/\/www.footclubs.be\/kosova\/wp-json\/wp\/v2\/comments?post=36"}],"version-history":[{"count":15,"href":"https:\/\/www.footclubs.be\/kosova\/wp-json\/wp\/v2\/pages\/36\/revisions"}],"predecessor-version":[{"id":3013,"href":"https:\/\/www.footclubs.be\/kosova\/wp-json\/wp\/v2\/pages\/36\/revisions\/3013"}],"wp:attachment":[{"href":"https:\/\/www.footclubs.be\/kosova\/wp-json\/wp\/v2\/media?parent=36"}],"curies":[{"name":"wp","href":"https:\/\/api.w.org\/{rel}","templated":true}]}}