{"id":26,"date":"2019-07-25T13:03:05","date_gmt":"2019-07-25T11:03:05","guid":{"rendered":"https:\/\/www.footclubs.be\/kosova\/?page_id=26"},"modified":"2019-08-30T23:43:39","modified_gmt":"2019-08-30T21:43:39","slug":"the-club-1","status":"publish","type":"page","link":"https:\/\/www.footclubs.be\/kosova\/the-club-1\/","title":{"rendered":"La Charte"},"content":{"rendered":"<header class=\"entry-header\">\n<h1 class=\"entry-title\"><strong style=\"font-size: 30px\">Lire Attentivement<\/strong><\/h1>\n<\/header>\n<div class=\"entry-content\">\n<p>Tous les adh\u00e9rents du\u00a0<strong>FC Kosova Schaerbeek<\/strong>\u00a0\u00e0 quelque titre que ce soit : joueurs, \u00e9ducateurs, dirigeants, arbitres, etc\u2026 sont tenus de respecter le r\u00e8glement int\u00e9rieur du club affich\u00e9 en permanence au club et qui a \u00e9t\u00e9 remis lors de l\u2019inscription. Les parents des joueurs mineurs sont \u00e9galement soumis \u00e0 cette obligation.<\/p>\n<p><strong><em>Article 1 : Charte de bonne conduite.<\/em><\/strong><br \/>\nTout adh\u00e9rent doit prendre connaissance de la charte de bonne conduite affich\u00e9e dans les vestiaires et s\u2019engage \u00e0 l\u2019appliquer scrupuleusement.<\/p>\n<p><strong><em>Article 2 : Fiche de renseignements.<\/em><\/strong><\/p>\n<p>Elle doit \u00eatre \u00e9tablie lors de l\u2019inscription ou du renouvellement. Elle comporte tous les renseignements utiles concernant l\u2019adh\u00e9rent. Celui-ci s\u2019engage \u00e0 signaler tout changement \u00e0 l\u2019administration du Club (adresse, t\u00e9l\u00e9phone\u2026)<\/p>\n<p><strong><em>Article 3 : Cotisation.<\/em><\/strong><\/p>\n<p>Le paiement de la cotisation est\u00a0obligatoire\u00a0au moment de l\u2019inscription. Tout joueur n\u2019\u00e9tant pas \u00e0 jour de sa cotisation ne pourra pas jouer.<br \/>\nTout joueur d\u00e9sirant d\u00e9missionner devra \u00eatre \u00e0 jour de sa cotisation. Dans le cas contraire, une opposition sera faite au Club.<\/p>\n<p>Tout joueur n\u2019\u00e9tant pas \u00e0 jour de sa cotisation ne pourra renouveler la saison suivante qu\u2019apr\u00e8s avoir r\u00e9gl\u00e9 sa cotisation due ainsi que celle de la nouvelle saison.<br \/>\n<strong><em>Article 4 : Licence.<\/em><\/strong><\/p>\n<p>Tout adh\u00e9rent s\u2019engage \u00e0 solliciter, par l\u2019interm\u00e9diaire du club, une licence officielle aupr\u00e8s de la F\u00e9d\u00e9ration. Ce document\u00a0indispensable, valid\u00e9 dans le respect des r\u00e8glements g\u00e9n\u00e9raux, permet au joueur de pratiquer le football et aux autres d\u2019exercer des responsabilit\u00e9s au sein du Club.<br \/>\nAucun joueur non licenci\u00e9 au\u00a0<strong>FC Kosova<\/strong>\u00a0ne peut participer \u00e0 un match.<br \/>\nDans le cas contraire, la responsabilit\u00e9 en incombera \u00e0 l\u2019\u00e9ducateur et au responsable de la cat\u00e9gorie.<br \/>\nPour les personnes ext\u00e9rieures et non licenci\u00e9es au Club, la participation aux entra\u00eenements ne pourra se faire qu\u2019apr\u00e8s pr\u00e9sentation d\u2019 un certificat m\u00e9dical d\u2019aptitude \u00e0 pratiquer le football ou une lettre par laquelle il d\u00e9sengage le Club de toute responsabilit\u00e9 en cas d\u2019accident.<\/p>\n<p><strong><em>Article 5 : Assurance \u2013 licence.<\/em><\/strong><br \/>\nL\u2019assurance de la licence \u00e9tant tr\u00e8s limitative, il y a lieu de prendre connaissance des options facultatives compl\u00e9mentaires propos\u00e9es, ou de s\u2019assurer aupr\u00e8s d\u2019un organisme de votre choix, en particulier en cas de perte de salaire ou de revenu non garanties dans le contrat de base.<\/p>\n<p><strong><em>Article 6 : Autorisation de quitter le club (lettre de sortie)<\/em><\/strong><\/p>\n<p>Elle pourra \u00eatre accord\u00e9e exceptionnellement si l\u2019adh\u00e9rent est \u00e0 jour de sa cotisation\u00a0et qu\u2019il mute pour un club de niveau sup\u00e9rieur ou en cas de d\u00e9m\u00e9nagement.<br \/>\nLa lettre de sortie ne constitue ni un d\u00fb, ni une obligation.<\/p>\n<p><strong><em>Article 7 : Respect des personnes et des biens.<\/em><\/strong><br \/>\nChaque adh\u00e9rent s\u2019engage \u00e0 respecter les adversaires, arbitres et leurs d\u00e9cisions, spectateurs ainsi que tous les autres adh\u00e9rents du Club.<br \/>\nChaque joueur s\u2019engage \u00e0 respecter les choix des \u00e9ducateurs (composition de l\u2019\u00e9quipe, tactique de jeux, etc\u2026). Ne pas h\u00e9siter \u00e0 dialoguer avec les responsables.<br \/>\nTout manquement \u00e0 la morale, \u00e0 l\u2019\u00e9thique ou \u00e0 l\u2019image du club sera sanctionn\u00e9.<\/p>\n<p>Les mat\u00e9riels, moyens et \u00e9quipements mis \u00e0 la disposition des joueurs doivent aussi \u00eatre respect\u00e9s. L\u2019\u00e9ducateur est responsable du mat\u00e9riel utilis\u00e9 lors des entra\u00eenements (nombre de ballons notamment). Toute d\u00e9gradation sera imput\u00e9e \u00e0 son auteur ou \u00e0 ses parents.<\/p>\n<p><strong><em>Article 8 : Respect des horaires de rendez-vous, retards ou absences.<\/em><\/strong><\/p>\n<p>Chaque adh\u00e9rent s\u2019engage \u00e0 honorer sa convocation dans quelques \u00e9quipes que ce soit et \u00e0 \u00eatre \u00e0 l\u2019heure pr\u00e9vue sur la convocation pour les matchs ainsi que pour les entra\u00eenements.<br \/>\nPour les enfants, il est important de rappeler que le club n\u2019est pas une garderie, et qu\u2019il convient de reprendre les enfants d\u00e9s la fin de l\u2019entra\u00eenement ou \u00e0 l\u2019heure pr\u00e9vue \u00e0 l\u2019issue des comp\u00e9titions.<br \/>\nLe club d\u00e9cline toute responsabilit\u00e9 lorsque les parents ne viennent pas chercher les enfants \u00e0 l\u2019heure pr\u00e9vue ou que ces derniers rentrent chez eux par leurs propres moyens.<br \/>\nIl est imp\u00e9ratif de pr\u00e9venir les responsables directs en cas de retard ou d\u2019absence et ce dans un d\u00e9lai raisonnable, (la veille de match est un minimum).<\/p>\n<p><strong><em>Article 9 : Discipline<\/em><\/strong><\/p>\n<p>Le port d\u2019objets dangereux (couteaux, p\u00e9tards, briquets, drogue, produits inflammables, ainsi que des objets ou marchandises destin\u00e9s \u00e0 \u00eatre vendus, etc. ) est interdit en g\u00e9n\u00e9ral et dans le cadre des activit\u00e9s sportives du Club en particulier. Le port d\u2019objets de valeur est tr\u00e8s vivement d\u00e9conseill\u00e9.<br \/>\nIl est interdit de fumer \u00e0 l\u2019int\u00e9rieur des vestiaires et dans l\u2019enceinte du Club .<br \/>\nLe\u00a0<strong>FC Kosova<\/strong>\u00a0d\u00e9cline toute responsabilit\u00e9 en cas de vol ou d\u00e9t\u00e9rioration. M\u00eame chose pour les v\u00e9hicules des dirigeants ou joueurs gar\u00e9s sur les parkings des ensembles sportifs ou sur la voie publique.<br \/>\nLes manquements au r\u00e8glement int\u00e9rieur du\u00a0<strong>FC Kosova<\/strong>\u00a0et, en particulier toute atteinte \u00e0 l\u2019int\u00e9grit\u00e9 physique ou morale des autres joueurs ou des dirigeants, peuvent donner lieu \u00e0 des sanctions qui sont, le cas \u00e9ch\u00e9ant, port\u00e9es \u00e0 la connaissance des familles. La d\u00e9cision pourra \u00eatre prise par le responsable direct qui en fera part au comit\u00e9 directeur. Celle-ci statuera sur la ou les sanctions \u00e0 prendre.<br \/>\n<strong>Les sanctions applicables sont :<\/strong><\/p>\n<ol>\n<li>a) l\u2019observation,<br \/>\nb) l\u2019avertissement,<br \/>\nc) l\u2019exclusion temporaire,<br \/>\nd) l\u2019exclusion d\u00e9finitive.<\/li>\n<\/ol>\n<p><strong><em>Article 10 : Transports\u00a0\u00a0(voitures personnelles).<\/em><\/strong><br \/>\nLe paiement de la cotisation ne dispense pas les parents de participer au transport des enfants dans leur voiture. Ils le font alors sous leur enti\u00e8re responsabilit\u00e9. Ils doivent veiller en particulier qu\u2019ils soient bien couverts par leur compagnie d\u2019assurance.<\/p>\n<p>Sauf avis contraire des parents, confirm\u00e9 par courrier, toute personne mineure inscrite au Club peut se rendre aux s\u00e9ances d\u2019entra\u00eenement non accompagn\u00e9e de ses parents ou d\u2019une personne habilit\u00e9e.<br \/>\nDe m\u00eame, sauf avis contraire des parents, confirm\u00e9 par courrier, tout enfant inscrit est sujet \u00e0 d\u00e9placement. Dans le cas o\u00f9 l\u2019enfant est pr\u00e9sent au lieu de rendez-vous, non accompagn\u00e9 par ses parents, le Club consid\u00e8re que l\u2019autorisation de transport lui est accord\u00e9e.<\/p>\n<p>Tous les d\u00e9placements pour les comp\u00e9titions sont effectu\u00e9s en voitures particuli\u00e8res; dans ce cas, les parents d\u2019enfants mineurs sont tenus d\u2019accompagner leurs enfants aux lieux de rendez-vous et d\u2019assurer le transport de leur propre enfant sur le lieu des rencontres. En cas d\u2019impossibilit\u00e9, l\u2019enfant est confi\u00e9 personnellement aux chauffeurs des v\u00e9hicules utilis\u00e9s. En cas d\u2019accident, le propri\u00e9taire du v\u00e9hicule est responsable des personnes transport\u00e9es.<\/p>\n<p>La responsabilit\u00e9 du\u00a0<strong>FC Kosova<\/strong>\u00a0ne peut \u00eatre engag\u00e9e pour tout accident ou incident intervenant au cours de transports en voitures particuli\u00e8res.<\/p>\n<p>&nbsp;<\/p>\n<p><strong><em>Article 11 : Sanctions.<\/em><\/strong><\/p>\n<p><strong><br \/>\n<\/strong>Tout carton pris pour contestation d\u2019arbitrage ou pour mauvais comportement sera\u00a0\u00a0\u00e0 la charge du licenci\u00e9. Le non paiement sous 30 jours entra\u00eenera la suspension automatique jusqu\u2019au paiement de la sanction.<\/p>\n<p><strong><em>Article 12: Intervention m\u00e9dicale.<\/em><\/strong><\/p>\n<p>L\u2019adh\u00e9rent ou le responsable du mineur autorise l\u2019\u00e9ducateur \u00e0 prendre toutes dispositions urgentes pour faire effectuer toute intervention m\u00e9dicale.<\/p>\n<p>Le pr\u00e9sent r\u00e8glement a \u00e9t\u00e9 approuv\u00e9 par le comit\u00e9 directeur en date du 29\/08\/2016.<\/p>\n<p>&nbsp;<\/p>\n<p><strong>Le Pr\u00e9sident\u00a0\u00a0\u00a0\u00a0\u00a0\u00a0\u00a0\u00a0\u00a0\u00a0\u00a0\u00a0\u00a0\u00a0\u00a0\u00a0\u00a0\u00a0\u00a0\u00a0\u00a0\u00a0\u00a0\u00a0\u00a0\u00a0\u00a0\u00a0\u00a0\u00a0\u00a0\u00a0\u00a0\u00a0\u00a0\u00a0\u00a0\u00a0\u00a0\u00a0\u00a0\u00a0\u00a0\u00a0\u00a0\u00a0\u00a0\u00a0\u00a0\u00a0\u00a0\u00a0Le Manager<\/strong><\/p>\n<p>Ram ISLAMAJ\u00a0 \u00a0 \u00a0 \u00a0 \u00a0 \u00a0 \u00a0 \u00a0 \u00a0 \u00a0 \u00a0 \u00a0 \u00a0 \u00a0 \u00a0 \u00a0 \u00a0 \u00a0 \u00a0 \u00a0 \u00a0 \u00a0 \u00a0 \u00a0 \u00a0Afrim KAS<\/p>\n<\/div>\n","protected":false},"excerpt":{"rendered":"<p>Lire Attentivement Tous les adh\u00e9rents du\u00a0FC Kosova Schaerbeek\u00a0\u00e0 quelque titre que ce soit : joueurs, \u00e9ducateurs, dirigeants, arbitres, etc\u2026 sont tenus de respecter le r\u00e8glement int\u00e9rieur du club affich\u00e9 en permanence au club et qui a \u00e9t\u00e9 remis lors de l\u2019inscription. Les parents des joueurs mineurs sont \u00e9galement soumis \u00e0 cette obligation. Article 1 : [&hellip;]<\/p>\n","protected":false},"author":318,"featured_media":0,"parent":0,"menu_order":0,"comment_status":"closed","ping_status":"closed","template":"page-templates\/page-free.php","meta":{"footnotes":""},"class_list":["post-26","page","type-page","status-publish","hentry"],"_links":{"self":[{"href":"https:\/\/www.footclubs.be\/kosova\/wp-json\/wp\/v2\/pages\/26","targetHints":{"allow":["GET"]}}],"collection":[{"href":"https:\/\/www.footclubs.be\/kosova\/wp-json\/wp\/v2\/pages"}],"about":[{"href":"https:\/\/www.footclubs.be\/kosova\/wp-json\/wp\/v2\/types\/page"}],"author":[{"embeddable":true,"href":"https:\/\/www.footclubs.be\/kosova\/wp-json\/wp\/v2\/users\/318"}],"replies":[{"embeddable":true,"href":"https:\/\/www.footclubs.be\/kosova\/wp-json\/wp\/v2\/comments?post=26"}],"version-history":[{"count":3,"href":"https:\/\/www.footclubs.be\/kosova\/wp-json\/wp\/v2\/pages\/26\/revisions"}],"predecessor-version":[{"id":478,"href":"https:\/\/www.footclubs.be\/kosova\/wp-json\/wp\/v2\/pages\/26\/revisions\/478"}],"wp:attachment":[{"href":"https:\/\/www.footclubs.be\/kosova\/wp-json\/wp\/v2\/media?parent=26"}],"curies":[{"name":"wp","href":"https:\/\/api.w.org\/{rel}","templated":true}]}}