{"id":24,"date":"2019-07-25T13:25:36","date_gmt":"2019-07-25T11:25:36","guid":{"rendered":"https:\/\/www.footclubs.be\/kosova\/?page_id=24"},"modified":"2022-05-13T11:56:15","modified_gmt":"2022-05-13T09:56:15","slug":"practices","status":"publish","type":"page","link":"https:\/\/www.footclubs.be\/kosova\/practices\/","title":{"rendered":"Entra\u00eenements"},"content":{"rendered":"<p>Toute la semaine, il y a entrainement \u00e0 partir de <strong>17h30<\/strong> pour<strong> nos jeunes<\/strong>, le mercredi \u00e0 partir de <strong>15h00<\/strong><\/p>\n<p><strong>Pour nos \u00e9quipes premi\u00e8re P1\u00a0 :<\/strong>\u00a0Tous les Mardis et les Jeudis \u00e0 partir de<strong> 19h00 &#8211; 21h00, La P3<\/strong> tous les lundi et Vendredi<strong> 19h00 &#8211; 21h00<\/strong><\/p>\n<p><strong>Les Dames :<\/strong> Tous les mercredi \u00e0 partir de <strong>20h15<\/strong><\/p>\n","protected":false},"excerpt":{"rendered":"<p>Toute la semaine, il y a entrainement \u00e0 partir de 17h30 pour nos jeunes, le mercredi \u00e0 partir de 15h00 Pour nos \u00e9quipes premi\u00e8re P1\u00a0 :\u00a0Tous les Mardis et les Jeudis \u00e0 partir de 19h00 &#8211; 21h00, La P3 tous les lundi et Vendredi 19h00 &#8211; 21h00 Les Dames : Tous les mercredi \u00e0 partir [&hellip;]<\/p>\n","protected":false},"author":318,"featured_media":0,"parent":0,"menu_order":0,"comment_status":"closed","ping_status":"closed","template":"page-templates\/page-practices.php","meta":{"footnotes":""},"class_list":["post-24","page","type-page","status-publish","hentry"],"_links":{"self":[{"href":"https:\/\/www.footclubs.be\/kosova\/wp-json\/wp\/v2\/pages\/24","targetHints":{"allow":["GET"]}}],"collection":[{"href":"https:\/\/www.footclubs.be\/kosova\/wp-json\/wp\/v2\/pages"}],"about":[{"href":"https:\/\/www.footclubs.be\/kosova\/wp-json\/wp\/v2\/types\/page"}],"author":[{"embeddable":true,"href":"https:\/\/www.footclubs.be\/kosova\/wp-json\/wp\/v2\/users\/318"}],"replies":[{"embeddable":true,"href":"https:\/\/www.footclubs.be\/kosova\/wp-json\/wp\/v2\/comments?post=24"}],"version-history":[{"count":6,"href":"https:\/\/www.footclubs.be\/kosova\/wp-json\/wp\/v2\/pages\/24\/revisions"}],"predecessor-version":[{"id":2097,"href":"https:\/\/www.footclubs.be\/kosova\/wp-json\/wp\/v2\/pages\/24\/revisions\/2097"}],"wp:attachment":[{"href":"https:\/\/www.footclubs.be\/kosova\/wp-json\/wp\/v2\/media?parent=24"}],"curies":[{"name":"wp","href":"https:\/\/api.w.org\/{rel}","templated":true}]}}