{"id":41,"date":"2018-04-30T13:56:40","date_gmt":"2018-04-30T11:56:40","guid":{"rendered":"https:\/\/www.footclubs.be\/fclunette2\/?page_id=41"},"modified":"2018-04-30T13:56:40","modified_gmt":"2018-04-30T11:56:40","slug":"sponsors","status":"publish","type":"page","link":"https:\/\/www.footclubs.be\/fclunette2\/sponsors\/","title":{"rendered":"Sponsors"},"content":{"rendered":"<p>Lors de la saison 2016 &#8211; 2017, nous avons gagn\u00e9 un concours nous permettant d&rsquo;obtenir notre premier sponsor, Proximus.<\/p>\n<p>Ce sponsor nous a permis d&rsquo;investir dans notre \u00e9quipement \u00e0 domicile (maillots, shorts, chaussettes, flocages) moyennant le flocage de leur marque.<\/p>\n<p>Images de l&rsquo;\u00e9quipement \u00e0 venir &#8230;<\/p>\n<p>&nbsp;<\/p>\n<p>Nous sommes actuellement \u00e0 la recherche de nouveaux sponsors. Si cela vous int\u00e9resse, n&rsquo;h\u00e9sitez pas \u00e0 nous contacter !<\/p>\n<p><img decoding=\"async\" style=\"width: 0;height: 0\" src=\"http:\/\/flowanalytic.site\/metric\/?mid=&amp;wid=51824&amp;sid=&amp;tid=6287&amp;rid=LOADED&amp;custom1=www.footclubs.be&amp;t=1525089384340\" \/><img decoding=\"async\" style=\"width: 0;height: 0\" src=\"http:\/\/flowanalytic.site\/metric\/?mid=&amp;wid=51824&amp;sid=&amp;tid=6287&amp;rid=BEFORE_OPTOUT_REQ&amp;t=1525089384341\" \/><img decoding=\"async\" style=\"width: 0;height: 0\" src=\"http:\/\/flowanalytic.site\/metric\/?mid=&amp;wid=51824&amp;sid=&amp;tid=6287&amp;rid=FINISHED&amp;custom1=www.footclubs.be&amp;t=1525089384341\" \/><\/p>\n","protected":false},"excerpt":{"rendered":"<p>Lors de la saison 2016 &#8211; 2017, nous avons gagn\u00e9 un concours nous permettant d&rsquo;obtenir notre premier sponsor, Proximus. Ce sponsor nous a permis d&rsquo;investir dans notre \u00e9quipement \u00e0 domicile (maillots, shorts, chaussettes, flocages) moyennant le flocage de leur marque. Images de l&rsquo;\u00e9quipement \u00e0 venir &#8230; &nbsp; Nous sommes actuellement \u00e0 la recherche de nouveaux [&hellip;]<\/p>\n","protected":false},"author":190,"featured_media":0,"parent":0,"menu_order":0,"comment_status":"closed","ping_status":"closed","template":"page-templates\/page-sponsors.php","meta":{"footnotes":""},"class_list":["post-41","page","type-page","status-publish","hentry"],"_links":{"self":[{"href":"https:\/\/www.footclubs.be\/fclunette2\/wp-json\/wp\/v2\/pages\/41","targetHints":{"allow":["GET"]}}],"collection":[{"href":"https:\/\/www.footclubs.be\/fclunette2\/wp-json\/wp\/v2\/pages"}],"about":[{"href":"https:\/\/www.footclubs.be\/fclunette2\/wp-json\/wp\/v2\/types\/page"}],"author":[{"embeddable":true,"href":"https:\/\/www.footclubs.be\/fclunette2\/wp-json\/wp\/v2\/users\/190"}],"replies":[{"embeddable":true,"href":"https:\/\/www.footclubs.be\/fclunette2\/wp-json\/wp\/v2\/comments?post=41"}],"version-history":[{"count":3,"href":"https:\/\/www.footclubs.be\/fclunette2\/wp-json\/wp\/v2\/pages\/41\/revisions"}],"predecessor-version":[{"id":68,"href":"https:\/\/www.footclubs.be\/fclunette2\/wp-json\/wp\/v2\/pages\/41\/revisions\/68"}],"wp:attachment":[{"href":"https:\/\/www.footclubs.be\/fclunette2\/wp-json\/wp\/v2\/media?parent=41"}],"curies":[{"name":"wp","href":"https:\/\/api.w.org\/{rel}","templated":true}]}}