{"id":28,"date":"2019-02-05T14:15:00","date_gmt":"2019-02-05T13:15:00","guid":{"rendered":"https:\/\/www.footclubs.be\/cslens\/?page_id=28"},"modified":"2025-02-24T12:26:10","modified_gmt":"2025-02-24T11:26:10","slug":"the-club-3","status":"publish","type":"page","link":"https:\/\/www.footclubs.be\/cslens\/the-club-3\/","title":{"rendered":"Ev\u00e8nements"},"content":{"rendered":"<p>La gestion d&rsquo;un club de football au quotidien n&rsquo;est pas une sin\u00e9cure et l&rsquo;\u00e9quilibre du budget n&rsquo;est jamais facile \u00e0 atteindre, tant les frais sont importants (\u00e9nergie, eau, assurances, frais administratifs, mat\u00e9riel sportif, frais de fonctionnement, etc&#8230;)<\/p>\n<p>Voil\u00e0 pourquoi, nous organisons, tout au long de l&rsquo;ann\u00e9e, une s\u00e9rie d&rsquo;\u00e9v\u00e8nements destin\u00e9s \u00e0 renflouer les caisses, pour parvenir \u00ab\u00a0\u00e0 joindre les deux bouts\u00a0\u00bb<\/p>\n<p>C&rsquo;est ainsi que sont organis\u00e9s diverses soir\u00e9es \u00e0 la buvette, des soupers, des stands au march\u00e9 de no\u00ebl, ainsi que deux gros \u00e9v\u00e8nements qui sont la ducasse de la Baille (le week-end de l&rsquo;ascension)<\/p>\n<p>&nbsp;<\/p>\n","protected":false},"excerpt":{"rendered":"<p>La gestion d&rsquo;un club de football au quotidien n&rsquo;est pas une sin\u00e9cure et l&rsquo;\u00e9quilibre du budget n&rsquo;est jamais facile \u00e0 atteindre, tant les frais sont importants (\u00e9nergie, eau, assurances, frais administratifs, mat\u00e9riel sportif, frais de fonctionnement, etc&#8230;) Voil\u00e0 pourquoi, nous organisons, tout au long de l&rsquo;ann\u00e9e, une s\u00e9rie d&rsquo;\u00e9v\u00e8nements destin\u00e9s \u00e0 renflouer les caisses, pour [&hellip;]<\/p>\n","protected":false},"author":282,"featured_media":0,"parent":0,"menu_order":0,"comment_status":"closed","ping_status":"closed","template":"page-templates\/page-free.php","meta":{"footnotes":""},"class_list":["post-28","page","type-page","status-publish","hentry"],"_links":{"self":[{"href":"https:\/\/www.footclubs.be\/cslens\/wp-json\/wp\/v2\/pages\/28","targetHints":{"allow":["GET"]}}],"collection":[{"href":"https:\/\/www.footclubs.be\/cslens\/wp-json\/wp\/v2\/pages"}],"about":[{"href":"https:\/\/www.footclubs.be\/cslens\/wp-json\/wp\/v2\/types\/page"}],"author":[{"embeddable":true,"href":"https:\/\/www.footclubs.be\/cslens\/wp-json\/wp\/v2\/users\/282"}],"replies":[{"embeddable":true,"href":"https:\/\/www.footclubs.be\/cslens\/wp-json\/wp\/v2\/comments?post=28"}],"version-history":[{"count":3,"href":"https:\/\/www.footclubs.be\/cslens\/wp-json\/wp\/v2\/pages\/28\/revisions"}],"predecessor-version":[{"id":575,"href":"https:\/\/www.footclubs.be\/cslens\/wp-json\/wp\/v2\/pages\/28\/revisions\/575"}],"wp:attachment":[{"href":"https:\/\/www.footclubs.be\/cslens\/wp-json\/wp\/v2\/media?parent=28"}],"curies":[{"name":"wp","href":"https:\/\/api.w.org\/{rel}","templated":true}]}}