{"id":23,"date":"2019-01-24T11:44:29","date_gmt":"2019-01-24T10:44:29","guid":{"rendered":"https:\/\/www.footclubs.be\/cslens\/?page_id=23"},"modified":"2019-01-24T16:10:20","modified_gmt":"2019-01-24T15:10:20","slug":"referees","status":"publish","type":"page","link":"https:\/\/www.footclubs.be\/cslens\/referees\/","title":{"rendered":"Arbitres"},"content":{"rendered":"<p>Le football amateur conna\u00eet actuellement une p\u00e9nurie d&rsquo;arbitres.<\/p>\n<p>Il s&rsquo;agit pourtant d&rsquo;une fonction essentielle \u00e0 la pratique de notre sport, c&rsquo;est pourquoi nous adh\u00e9rons pleinement aux valeurs de respect et de\u00a0 correction par rapport aux arbitres.<\/p>\n<p>Pr\u00e9-requis:<\/p>\n<ul>\n<li>Avoir 15 ans accomplis.<\/li>\n<li>Avoir une connaissance basique des r\u00e8gles du jeu<\/li>\n<li>Etre motiv\u00e9<\/li>\n<\/ul>\n<p>La fonction d&rsquo;arbitre offre de rapides possibilit\u00e9s de progression et permet de d\u00e9velopper notamment des qualit\u00e9s d&rsquo;affirmation de soi, de leadership, d&rsquo;attention et d&rsquo;autorit\u00e9.<\/p>\n<p>Les arbitres sont r\u00e9mun\u00e9r\u00e9s.<\/p>\n<p>Leur formation est payante.<\/p>\n<p>Ils doivent \u00eatre affili\u00e9s \u00e0 un club. Afin de se maintenir en forme physique, ils peuvent participer aux entra\u00eenements donn\u00e9s par leur club d&rsquo;origine.<\/p>\n<p>Si vous n&rsquo;avez pas peur de relever le d\u00e9fi de l&rsquo;arbitrage ou si vous \u00eates tout simplement int\u00e9ress\u00e9 par de plus amples renseignements, n&rsquo;h\u00e9sitez pas \u00e0 nous contacter \u00e0 l&rsquo;adresse mail cslensois@gmail.com<\/p>\n","protected":false},"excerpt":{"rendered":"<p>Le football amateur conna\u00eet actuellement une p\u00e9nurie d&rsquo;arbitres. Il s&rsquo;agit pourtant d&rsquo;une fonction essentielle \u00e0 la pratique de notre sport, c&rsquo;est pourquoi nous adh\u00e9rons pleinement aux valeurs de respect et de\u00a0 correction par rapport aux arbitres. Pr\u00e9-requis: Avoir 15 ans accomplis. Avoir une connaissance basique des r\u00e8gles du jeu Etre motiv\u00e9 La fonction d&rsquo;arbitre offre [&hellip;]<\/p>\n","protected":false},"author":282,"featured_media":0,"parent":0,"menu_order":0,"comment_status":"closed","ping_status":"closed","template":"page-templates\/page-referees.php","meta":{"footnotes":""},"class_list":["post-23","page","type-page","status-publish","hentry"],"_links":{"self":[{"href":"https:\/\/www.footclubs.be\/cslens\/wp-json\/wp\/v2\/pages\/23","targetHints":{"allow":["GET"]}}],"collection":[{"href":"https:\/\/www.footclubs.be\/cslens\/wp-json\/wp\/v2\/pages"}],"about":[{"href":"https:\/\/www.footclubs.be\/cslens\/wp-json\/wp\/v2\/types\/page"}],"author":[{"embeddable":true,"href":"https:\/\/www.footclubs.be\/cslens\/wp-json\/wp\/v2\/users\/282"}],"replies":[{"embeddable":true,"href":"https:\/\/www.footclubs.be\/cslens\/wp-json\/wp\/v2\/comments?post=23"}],"version-history":[{"count":5,"href":"https:\/\/www.footclubs.be\/cslens\/wp-json\/wp\/v2\/pages\/23\/revisions"}],"predecessor-version":[{"id":118,"href":"https:\/\/www.footclubs.be\/cslens\/wp-json\/wp\/v2\/pages\/23\/revisions\/118"}],"wp:attachment":[{"href":"https:\/\/www.footclubs.be\/cslens\/wp-json\/wp\/v2\/media?parent=23"}],"curies":[{"name":"wp","href":"https:\/\/api.w.org\/{rel}","templated":true}]}}