{"id":19,"date":"2019-01-22T16:30:59","date_gmt":"2019-01-22T15:30:59","guid":{"rendered":"https:\/\/www.footclubs.be\/cslens\/?page_id=19"},"modified":"2020-10-06T15:49:58","modified_gmt":"2020-10-06T13:49:58","slug":"history","status":"publish","type":"page","link":"https:\/\/www.footclubs.be\/cslens\/history\/","title":{"rendered":"Historique"},"content":{"rendered":"<h6 class=\"western\">C\u2019est en 1960 que 4 lensois ont d\u00e9cid\u00e9 de faire rena\u00eetre un club de football dans leur village. Il s\u2019agissait d&rsquo;Alfred Potteau, Fran\u00e7ois Drouwen,\u00a0Eleuth\u00e8re Galand et Georges Mary. Le Cercle Sportif de Lens (C.S. LENS) voyait le jour.<br \/>\nEn souvenir de l\u2019Umberto-Club, l\u2019ancien club du village qui avait cess\u00e9 ses activit\u00e9s pendant la guerre, les couleurs blanc et noir furent choisies pour repr\u00e9senter l\u2019\u00e9quipe, compos\u00e9e essentiellement de joueurs du cru.<br \/>\nLe premier terrain se trouvait \u00e0 la rue de Cambron, et son local \u00e9tait le caf\u00e9 des\u00a0\u00e9tangs situ\u00e9 \u00e0 la rue du S\u00e9woir.<br \/>\nA cette \u00e9poque peu motoris\u00e9e, les d\u00e9placements se faisaient en car, le chauffeur poss\u00e9dait d\u2019ailleurs une paire de chaussures, au cas o\u00f9 il aurait manqu\u00e9 un joueur pour le match.<br \/>\nSuite \u00e0 la dissolution du club de Montignies-Lez-Lens, le C.S. LENS fut renforc\u00e9 par l\u2019arriv\u00e9e de quelques joueurs montagnards.<br \/>\nVers 1964, les installations sont d\u00e9plac\u00e9es sur la prairie de la ferme Hachez, pr\u00e8s du ch\u00e2teau d&rsquo;eau situ\u00e9 \u00e0 la route d&rsquo;Ath.<br \/>\nLe local du club est aussi transf\u00e9r\u00e9 pr\u00e8s de la Grand-Place, dans un caf\u00e9 tenu par L\u00e9a et Jules Fran\u00e7ois.<br \/>\nDans les ann\u00e9es 70, le terrain est de nouveau d\u00e9plac\u00e9 \u00e0 la rue du Calvaire. Malheureusement, du fait de la cr\u00e9ation de la Division 4 actuelle, Lens bascule dans cette derni\u00e8re division, suite \u00e0 une d\u00e9faite contre Vacresse lors du dernier match de championnat.<br \/>\nQuelques ann\u00e9es plus tard, le fermier ayant \u00e9t\u00e9 contraint de reprendre possession de sa terre, le CS Lens, avec l&rsquo;appui de son pr\u00e9sident, M. Adolphe Canon, s&rsquo;est retrouv\u00e9 \u00e0 la R\u00e9sidence de la Baille dans des installations nettement plus agr\u00e9ables et plus spacieuses.<br \/>\nLes ann\u00e9es 80 et 90 virent la progression constante du club, jusqu\u2019\u00e0 son accession en deuxi\u00e8me provinciale, au terme de deux saisons magistrales. Cet exploit fut r\u00e9\u00e9dit\u00e9 r\u00e9cemment, au terme de la saison 2018-2019.<br \/>\nD&rsquo;ann\u00e9e en ann\u00e9e, le club a am\u00e9lior\u00e9 ses installations et a amplifi\u00e9 sa politique de jeunes . La gestion sportive s&rsquo;est \u00e9galement bonifi\u00e9e gr\u00e2ce \u00e0 l&rsquo;apport d&rsquo;entraineurs qualifi\u00e9s. Au cours de sa longue existence, le club s\u2019est enrichi d\u2019une exp\u00e9rience sportive et organisationnelle, gr\u00e2ce aux nombreux d\u00e9vou\u00e9s et b\u00e9n\u00e9voles qui ont apport\u00e9 et apportent toujours leur \u00e9nergie et leur temps pr\u00e9cieux.<\/h6>\n<h6 class=\"western\"><strong>C&rsquo;est en octobre 2020 que le club s&rsquo;est vu attribu\u00e9 le titre \u00ab\u00a0Royal\u00a0\u00bb en reconnaissance de sa long\u00e9vit\u00e9, de son r\u00f4le social et de sa gestion sur le long terme.<\/strong><\/h6>\n","protected":false},"excerpt":{"rendered":"<p>C\u2019est en 1960 que 4 lensois ont d\u00e9cid\u00e9 de faire rena\u00eetre un club de football dans leur village. Il s\u2019agissait d&rsquo;Alfred Potteau, Fran\u00e7ois Drouwen,\u00a0Eleuth\u00e8re Galand et Georges Mary. Le Cercle Sportif de Lens (C.S. LENS) voyait le jour. En souvenir de l\u2019Umberto-Club, l\u2019ancien club du village qui avait cess\u00e9 ses activit\u00e9s pendant la guerre, les [&hellip;]<\/p>\n","protected":false},"author":282,"featured_media":0,"parent":0,"menu_order":0,"comment_status":"closed","ping_status":"closed","template":"page-templates\/page-history.php","meta":{"footnotes":""},"class_list":["post-19","page","type-page","status-publish","hentry"],"_links":{"self":[{"href":"https:\/\/www.footclubs.be\/cslens\/wp-json\/wp\/v2\/pages\/19","targetHints":{"allow":["GET"]}}],"collection":[{"href":"https:\/\/www.footclubs.be\/cslens\/wp-json\/wp\/v2\/pages"}],"about":[{"href":"https:\/\/www.footclubs.be\/cslens\/wp-json\/wp\/v2\/types\/page"}],"author":[{"embeddable":true,"href":"https:\/\/www.footclubs.be\/cslens\/wp-json\/wp\/v2\/users\/282"}],"replies":[{"embeddable":true,"href":"https:\/\/www.footclubs.be\/cslens\/wp-json\/wp\/v2\/comments?post=19"}],"version-history":[{"count":5,"href":"https:\/\/www.footclubs.be\/cslens\/wp-json\/wp\/v2\/pages\/19\/revisions"}],"predecessor-version":[{"id":537,"href":"https:\/\/www.footclubs.be\/cslens\/wp-json\/wp\/v2\/pages\/19\/revisions\/537"}],"wp:attachment":[{"href":"https:\/\/www.footclubs.be\/cslens\/wp-json\/wp\/v2\/media?parent=19"}],"curies":[{"name":"wp","href":"https:\/\/api.w.org\/{rel}","templated":true}]}}