{"id":25,"date":"2016-05-07T03:00:11","date_gmt":"2016-05-07T01:00:11","guid":{"rendered":"https:\/\/www.footclubs.be\/babar\/?page_id=25"},"modified":"2016-05-07T03:40:27","modified_gmt":"2016-05-07T01:40:27","slug":"contact","status":"publish","type":"page","link":"https:\/\/www.footclubs.be\/babar\/contact\/","title":{"rendered":"Contact"},"content":{"rendered":"<p>Si vous n\u2019avez pas trouv\u00e9 la personne de contact ad\u00e9quate dans la page du <a href=\"https:\/\/www.footclubs.be\/babar\/committee\/\">comit\u00e9<\/a> du club, vous pouvez nous contacter en remplissant le formulaire de contact ci-dessous.<\/p>\n","protected":false},"excerpt":{"rendered":"<p>Si vous n\u2019avez pas trouv\u00e9 la personne de contact ad\u00e9quate dans la page du comit\u00e9 du club, vous pouvez nous contacter en remplissant le formulaire de contact ci-dessous.<\/p>\n","protected":false},"author":58,"featured_media":0,"parent":0,"menu_order":0,"comment_status":"closed","ping_status":"closed","template":"page-templates\/page-contact.php","meta":{"footnotes":""},"class_list":["post-25","page","type-page","status-publish","hentry"],"_links":{"self":[{"href":"https:\/\/www.footclubs.be\/babar\/wp-json\/wp\/v2\/pages\/25","targetHints":{"allow":["GET"]}}],"collection":[{"href":"https:\/\/www.footclubs.be\/babar\/wp-json\/wp\/v2\/pages"}],"about":[{"href":"https:\/\/www.footclubs.be\/babar\/wp-json\/wp\/v2\/types\/page"}],"author":[{"embeddable":true,"href":"https:\/\/www.footclubs.be\/babar\/wp-json\/wp\/v2\/users\/58"}],"replies":[{"embeddable":true,"href":"https:\/\/www.footclubs.be\/babar\/wp-json\/wp\/v2\/comments?post=25"}],"version-history":[{"count":3,"href":"https:\/\/www.footclubs.be\/babar\/wp-json\/wp\/v2\/pages\/25\/revisions"}],"predecessor-version":[{"id":40,"href":"https:\/\/www.footclubs.be\/babar\/wp-json\/wp\/v2\/pages\/25\/revisions\/40"}],"wp:attachment":[{"href":"https:\/\/www.footclubs.be\/babar\/wp-json\/wp\/v2\/media?parent=25"}],"curies":[{"name":"wp","href":"https:\/\/api.w.org\/{rel}","templated":true}]}}